List the prime factors of 1342.
2, 11, 61
List the prime factors of 1405.
5, 281
What are the prime factors of 23428?
2, 5857
List the prime factors of 186.
2, 3, 31
List the prime factors of 80677.
80677
What are the prime factors of 1578?
2, 3, 263
What are the prime factors of 4694?
2, 2347
List the prime factors of 1395.
3, 5, 31
List the prime factors of 49823.
49823
List the prime factors of 28759.
28759
List the prime factors of 34408.
2, 11, 17, 23
What are the prime factors of 19337?
61, 317
List the prime factors of 77926.
2, 47, 829
List the prime factors of 596.
2, 149
What are the prime factors of 839?
839
List the prime factors of 564.
2, 3, 47
List the prime factors of 95.
5, 19
What are the prime factors of 4160?
2, 5, 13
What are the prime factors of 22108?
2, 5527
List the prime factors of 55830.
2, 3, 5, 1861
What are the prime factors of 1697?
1697
List the prime factors of 32570.
2, 5, 3257
List the prime factors of 10663.
10663
List the prime factors of 144764.
2, 36191
List the prime factors of 22963.
22963
What are the prime factors of 1019?
1019
List the prime factors of 12489.
3, 23, 181
List the prime factors of 2077.
31, 67
What are the prime factors of 4350?
2, 3, 5, 29
What are the prime factors of 15777?
3, 1753
List the prime factors of 25075.
5, 17, 59
List the prime factors of 668.
2, 167
What are the prime factors of 48803?
37, 1319
List the prime factors of 15895.
5, 11, 17
What are the prime factors of 12013?
41, 293
What are the prime factors of 2477?
2477
What are the prime factors of 24384?
2, 3, 127
What are the prime factors of 13189?
11, 109
What are the prime factors of 1718?
2, 859
List the prime factors of 54323.
54323
What are the prime factors of 51738?
2, 3, 8623
What are the prime factors of 39824?
2, 19, 131
What are the prime factors of 8124?
2, 3, 677
List the prime factors of 626.
2, 313
What are the prime factors of 47687?
43, 1109
List the prime factors of 6824.
2, 853
What are the prime factors of 74165?
5, 7, 13, 163
What are the prime factors of 4900?
2, 5, 7
List the prime factors of 1947.
3, 11, 59
What are the prime factors of 6104?
2, 7, 109
List the prime factors of 39214.
2, 7, 2801
List the prime factors of 63486.
2, 3, 3527
What are the prime factors of 46440?
2, 3, 5, 43
What are the prime factors of 3268?
2, 19, 43
What are the prime factors of 1538?
2, 769
What are the prime factors of 9346?
2, 4673
List the prime factors of 3182.
2, 37, 43
What are the prime factors of 1356?
2, 3, 113
What are the prime factors of 5477?
5477
What are the prime factors of 2918?
2, 1459
List the prime factors of 3106.
2, 1553
List the prime factors of 332.
2, 83
List the prime factors of 15436.
2, 17, 227
List the prime factors of 31512.
2, 3, 13, 101
List the prime factors of 483.
3, 7, 23
What are the prime factors of 1473?
3, 491
What are the prime factors of 1120?
2, 5, 7
List the prime factors of 23075.
5, 13, 71
List the prime factors of 3659.
3659
List the prime factors of 4435.
5, 887
What are the prime factors of 1309?
7, 11, 17
What are the prime factors of 10616?
2, 1327
What are the prime factors of 2097?
3, 233
List the prime factors of 9735.
3, 5, 11, 59
List the prime factors of 3784.
2, 11, 43
What are the prime factors of 47177?
13, 19, 191
What are the prime factors of 1210?
2, 5, 11
What are the prime factors of 2003?
2003
List the prime factors of 3543.
3, 1181
List the prime factors of 10508.
2, 37, 71
What are the prime factors of 92041?
92041
List the prime factors of 8713.
8713
List the prime factors of 7512.
2, 3, 313
What are the prime factors of 2792?
2, 349
What are the prime factors of 28244?
2, 23, 307
What are the prime factors of 370?
2, 5, 37
List the prime factors of 965.
5, 193
List the prime factors of 168252.
2, 3, 7, 2003
List the prime factors of 130935.
3, 5, 7, 29, 43
What are the prime factors of 46162?
2, 23081
What are the prime factors of 69938?
2, 11, 17
What are the prime factors of 116896?
2, 13, 281
List the prime factors of 5373.
3, 199
What are the prime factors of 1463?
7, 11, 19
List the prime factors of 1496.
2, 11, 17
List the prime factors of 21363.
3, 7121
What are the prime factors of 17563?
7, 13, 193
List the prime factors of 3015.
3, 5, 67
List the prime factors of 5839.
5839
List the prime factors of 3635.
5, 727
List the prime factors of 17.
17
What are the prime factors of 23159?
23159
What are the prime factors of 24172?
2, 6043
List the prime factors of 44149.
7, 17, 53
List the prime factors of 29627.
13, 43, 53
What are the prime factors of 91622?
2, 61, 751
List the prime factors of 20347.
20347
What are the prime factors of 32731?
71, 461
List the prime factors of 12989.
31, 419
What are the prime factors of 2076?
2, 3, 173
What are the prime factors of 2012?
2, 503
What are the prime factors of 4403?
7, 17, 37
What are the prime factors of 10337?
10337
What are the prime factors of 5822?
2, 41, 71
List the prime factors of 7846.
2, 3923
What are the prime factors of 15044?
2, 3761
What are the prime factors of 663?
3, 13, 17
What are the prime factors of 1116?
2, 3, 31
List the prime factors of 30172.
2, 19, 397
List the prime factors of 1615.
5, 17, 19
What are the prime factors of 1222?
2, 13, 47
List the prime factors of 121050.
2, 3, 5, 269
List the prime factors of 7388.
2, 1847
What are the prime factors of 14081?
14081
List the prime factors of 10059.
3, 7, 479
What are the prime factors of 6685?
5, 7, 191
List the prime factors of 1427.
1427
List the prime factors of 1198.
2, 599
What are the prime factors of 7226?
2, 3613
What are the prime factors of 66443?
13, 19, 269
List the prime factors of 55578.
2, 3, 59, 157
What are the prime factors of 24438?
2, 3, 4073
What are the prime factors of 1533?
3, 7, 73
What are the prime factors of 12564?
2, 3, 349
What are the prime factors of 108917?
108917
List the prime factors of 45804.
2, 3, 11, 347
List the prime factors of 4644.
2, 3, 43
List the prime factors of 4853.
23, 211
What are the prime factors of 6991?
6991
List the prime factors of 1876.
2, 7, 67
What are the prime factors of 769?
769
What are the prime factors of 23464?
2, 7, 419
What are the prime factors of 81735?
3, 5, 5449
What are the prime factors of 678?
2, 3, 113
What are the prime factors of 15104?
2, 59
What are the prime factors of 13335?
3, 5, 7, 127
List the prime factors of 68113.
68113
What are the prime factors of 93436?
2, 7, 47, 71
What are the prime factors of 2404?
2, 601
List the prime factors of 12535.
5, 23, 109
List the prime factors of 25762.
2, 11, 1171
List the prime factors of 105387.
3, 35129
List the prime factors of 34573.
7, 11, 449
What are the prime factors of 29002?
2, 17, 853
What are the prime factors of 5482?
2, 2741
List the prime factors of 55382.
2, 27691
List the prime factors of 866.
2, 433
List the prime factors of 123.
3, 41
List the prime factors of 2322.
2, 3, 43
List the prime factors of 19620.
2, 3, 5, 109
List the prime factors of 83.
83
List the prime factors of 56105.
5, 7, 229
List the prime factors of 1114.
2, 557
List the prime factors of 67686.
2, 3, 29, 389
What are the prime factors of 4017?
3, 13, 103
List the prime factors of 4615.
5, 13, 71
List the prime factors of 2392.
2, 13, 23
What are the prime factors of 739?
739
What are the prime factors of 955?
5, 191
List the prime factors of 29129.
29129
What are the prime factors of 26817?
3, 7, 1277
What are the prime factors of 1582?
2, 7, 113
List the prime factors of 2709.
3, 7, 43
List the prime factors of 134194.
2, 229, 293
What are the prime factors of 41925?
3, 5, 13, 43
List the prime factors of 65944.
2, 8243
What are the prime factors of 2891?
7, 59
List the prime factors of 513.
3, 19
List the prime factors of 6382.
2, 3191
List the prime factors of 1377.
3, 17
What are the prime factors of 43655?
5, 8731
List the prime factors of 41940.
2, 3, 5, 233
What are the prime factors of 2207?
2207
List the prime factors of 125843.
61, 2063
List the prime factors of 271.
271
List the prime factors of 21602.
2, 7, 1543
What are the prime factors of 5104?
2, 11, 29
List the prime factors of 43111.
19, 2269
What are the prime factors of 3336?
2, 3, 139
What are the prime factors of 75127?
13, 